ctors of 1993?
1993
List the prime factors of 299.
13, 23
List the prime factors of 1885.
5, 13, 29
What are the prime factors of 130?
2, 5, 13
What are the prime factors of 5721?
3, 1907
List the prime factors of 15184.
2, 13, 73
List the prime factors of 1064.
2, 7, 19
What are the prime factors of 1926?
2, 3, 107
List the prime factors of 778.
2, 389
List the prime factors of 2023.
7, 17
What are the prime factors of 1060?
2, 5, 53
What are the prime factors of 6764?
2, 19, 89
What are the prime factors of 884?
2, 13, 17
List the prime factors of 12470.
2, 5, 29, 43
What are the prime factors of 870?
2, 3, 5, 29
List the prime factors of 4611.
3, 29, 53
List the prime factors of 1910.
2, 5, 191
List the prime factors of 24174.
2, 3, 17, 79
List the prime factors of 4792.
2, 599
What are the prime factors of 4999?
4999
List the prime factors of 15938.
2, 13, 613
What are the prime factors of 659?
659
List the prime factors of 1547.
7, 13, 17
List the prime factors of 44750.
2, 5, 179
List the prime factors of 25473.
3, 7, 1213
What are the prime factors of 2223?
3, 13, 19
What are the prime factors of 151368?
2, 3, 7, 17, 53
What are the prime factors of 184?
2, 23
What are the prime factors of 50272?
2, 1571
What are the prime factors of 6036?
2, 3, 503
List the prime factors of 259.
7, 37
List the prime factors of 38199.
3, 7, 17, 107
What are the prime factors of 4192?
2, 131
List the prime factors of 237.
3, 79
List the prime factors of 112059.
3, 12451
List the prime factors of 48379.
101, 479
What are the prime factors of 13945?
5, 2789
What are the prime factors of 57?
3, 19
What are the prime factors of 2247?
3, 7, 107
What are the prime factors of 2337?
3, 19, 41
List the prime factors of 660.
2, 3, 5, 11
What are the prime factors of 24998?
2, 29, 431
List the prime factors of 112.
2, 7
What are the prime factors of 14924?
2, 7, 13, 41
What are the prime factors of 17296?
2, 23, 47
What are the prime factors of 13311?
3, 17, 29
What are the prime factors of 4813?
4813
What are the prime factors of 5368?
2, 11, 61
What are the prime factors of 697?
17, 41
What are the prime factors of 13378?
2, 6689
What are the prime factors of 67882?
2, 33941
What are the prime factors of 1033?
1033
List the prime factors of 21471.
3, 17, 421
What are the prime factors of 708?
2, 3, 59
What are the prime factors of 10753?
10753
What are the prime factors of 9520?
2, 5, 7, 17
What are the prime factors of 44255?
5, 53, 167
List the prime factors of 13394.
2, 37, 181
What are the prime factors of 56831?
17, 3343
What are the prime factors of 82602?
2, 3, 13, 353
What are the prime factors of 13141?
17, 773
List the prime factors of 465.
3, 5, 31
What are the prime factors of 68619?
3, 89, 257
List the prime factors of 2933.
7, 419
What are the prime factors of 1919?
19, 101
What are the prime factors of 391?
17, 23
List the prime factors of 15940.
2, 5, 797
What are the prime factors of 221?
13, 17
List the prime factors of 422.
2, 211
List the prime factors of 92693.
92693
What are the prime factors of 12815?
5, 11, 233
List the prime factors of 1308.
2, 3, 109
List the prime factors of 16085.
5, 3217
List the prime factors of 8083.
59, 137
List the prime factors of 10773.
3, 7, 19
What are the prime factors of 44102?
2, 22051
What are the prime factors of 5129?
23, 223
What are the prime factors of 14995?
5, 2999
List the prime factors of 739.
739
What are the prime factors of 4825?
5, 193
What are the prime factors of 3366?
2, 3, 11, 17
What are the prime factors of 362?
2, 181
What are the prime factors of 1118?
2, 13, 43
What are the prime factors of 252?
2, 3, 7
What are the prime factors of 93057?
3, 31019
List the prime factors of 2940.
2, 3, 5, 7
List the prime factors of 22260.
2, 3, 5, 7, 53
What are the prime factors of 818?
2, 409
List the prime factors of 62758.
2, 31379
What are the prime factors of 1793?
11, 163
List the prime factors of 1727.
11, 157
List the prime factors of 553.
7, 79
What are the prime factors of 464?
2, 29
What are the prime factors of 2543?
2543
What are the prime factors of 19461?
3, 13, 499
List the prime factors of 5301.
3, 19, 31
What are the prime factors of 81?
3
What are the prime factors of 10498?
2, 29, 181
What are the prime factors of 157693?
103, 1531
List the prime factors of 1395.
3, 5, 31
List the prime factors of 28873.
13, 2221
What are the prime factors of 89?
89
List the prime factors of 1262.
2, 631
List the prime factors of 816.
2, 3, 17
What are the prime factors of 1212?
2, 3, 101
List the prime factors of 640.
2, 5
What are the prime factors of 540?
2, 3, 5
What are the prime factors of 27649?
43, 643
What are the prime factors of 1744?
2, 109
What are the prime factors of 196?
2, 7
What are the prime factors of 60628?
2, 23, 659
What are the prime factors of 145054?
2, 7, 13, 797
List the prime factors of 1102.
2, 19, 29
What are the prime factors of 1360?
2, 5, 17
What are the prime factors of 41682?
2, 3, 6947
What are the prime factors of 1033?
1033
What are the prime factors of 13159?
13159
List the prime factors of 1066.
2, 13, 41
List the prime factors of 8723.
11, 13, 61
List the prime factors of 585.
3, 5, 13
What are the prime factors of 1620?
2, 3, 5
List the prime factors of 465.
3, 5, 31
List the prime factors of 3751.
11, 31
What are the prime factors of 300?
2, 3, 5
What are the prime factors of 9719?
9719
What are the prime factors of 3642?
2, 3, 607
What are the prime factors of 32705?
5, 31, 211
List the prime factors of 6778.
2, 3389
What are the prime factors of 870?
2, 3, 5, 29
List the prime factors of 29800.
2, 5, 149
What are the prime factors of 1438?
2, 719
List the prime factors of 6724.
2, 41
What are the prime factors of 6329?
6329
List the prime factors of 96.
2, 3
List the prime factors of 2006.
2, 17, 59
List the prime factors of 26345.
5, 11, 479
List the prime factors of 137877.
3, 45959
What are the prime factors of 1855?
5, 7, 53
What are the prime factors of 2540?
2, 5, 127
List the prime factors of 731.
17, 43
What are the prime factors of 1932?
2, 3, 7, 23
What are the prime factors of 58413?
3, 19471
List the prime factors of 2636.
2, 659
What are the prime factors of 951?
3, 317
List the prime factors of 262.
2, 131
What are the prime factors of 63?
3, 7
List the prime factors of 778.
2, 389
What are the prime factors of 744?
2, 3, 31
List the prime factors of 347.
347
List the prime factors of 5279.
5279
What are the prime factors of 13613?
13613
What are the prime factors of 23985?
3, 5, 13, 41
What are the prime factors of 43467?
3, 14489
List the prime factors of 83433.
3, 7, 29, 137
List the prime factors of 6651.
3, 739
What are the prime factors of 3005?
5, 601
What are the prime factors of 3064?
2, 383
What are the prime factors of 6243?
3, 2081
List the prime factors of 54.
2, 3
What are the prime factors of 5913?
3, 73
What are the prime factors of 938?
2, 7, 67
List the prime factors of 3264.
2, 3, 17
What are the prime factors of 2607?
3, 11, 79
What are the prime factors of 23902?
2, 17, 19, 37
What are the prime factors of 2532?
2, 3, 211
List the prime factors of 400.
2, 5
List the prime factors of 1667.
1667
List the prime factors of 18767.
7, 383
What are the prime factors of 45129?
3, 7, 307
List the prime factors of 3165.
3, 5, 211
What are the prime factors of 1721?
1721
What are the prime factors of 30097?
30097
List the prime factors of 719.
719
What are the prime factors of 817?
19, 43
List the prime factors of 264.
2, 3, 11
What are the prime factors of 1161?
3, 43
List the prime factors of 111599.
111599
What are the prime factors of 25002?
2, 3, 463
What are the prime factors of 1387?
19, 73
What are the prime factors of 106725?
3, 5, 1423
What are the prime factors of 35819?
7, 17, 43
What are the prime factors of 50280?
2, 3, 5, 419
What are the prime factors of 326?
2, 163
What are the prime factors of 86882?
2, 43441
What are the prime factors of 3154?
2, 19, 83
List the prime factors of 22841.
7, 13, 251
What are the prime factors of 3769?
3769
List the prime factors of 5867.
5867
What are the prime factors of 1761?
3, 587
List the prime factors of 1948.
2, 487
What are the prime factors of 167165?
5, 67, 499
Li